6. Let w(q) = 6*q**3 + 2*q**2 + q - 2. Give w(f).
7
Let g be (-8)/(-3)*(-9)/(-6). Let k(d) = -d - 4. Give k(g).
-8
Let t(w) = -w**2 - w + 5. Suppose 4*s - 3*r = -0*s + 165, -2*r + 145 = 3*s. Let k be -30*3/(s/6). Let g be (k/4)/((-6)/(-8)). What is t(g)?
-7
Let y(r) = 15 - 7 - 11 + 3*r - 3. Give y(6).
12
Let l(x) = x**3 + 5*x**2 + 4*x - 3. Let y be l(-4). Let g(k) be the first derivative of -k**3/3 - k**2/2 + 174. Calculate g(y).
-6
Let d(c) = -4*c**2 + 4*c. Let o(q) = -q**3 + 19*q**2 + 43*q - 19. Let s be o(21). What is d(s)?
-8
Let t = -1014 - -999. Let j(o) = o**2 + 16*o + 21. Give j(t).
6
Let w = 0 - -3. Let o(m) be the second derivative of 9*m + 1/6*m**3 + 0 - 3/2*m**2. Calculate o(w).
0
Let t(z) = -z**2 + 2*z - 6. Let y(m) = 8*m - 22. Let k be y(3). Suppose -k = 3*x - 14. Calculate t(x).
-14
Let j = -9 + 14. Let r(k) = 6 - j*k**2 - 7*k + k**3 + 5*k + 0*k**2. Let x be (3 + -3 - 3) + 8. Determine r(x).
-4
Let u(q) = -7*q**3 - q - 1. Let f be u(-1). Let k(a) be the first derivative of -a**4/4 + 7*a**3/3 + a**2 - 7*a + 54. Calculate k(f).
7
Let c(r) be the second derivative of -r**3/3 - 130*r - 2. Give c(-2).
4
Suppose -2143 = 12*p - 2143. Let k(x) be the first derivative of 8/3*x**3 + p*x**2 + 3 + x - 1/4*x**4. Calculate k(8).
1
Let k(r) = -8*r + 0*r**2 - 1 - 1 - 2*r**2 + 8. Let t(h) = -h**2 - 8*h + 5. Let m(j) = -2*k(j) + 3*t(j). Calculate m(4).
-13
Let o = 0 - -1. Let s(v) = -18*v + 24*v - 15*v + 2 - 3 + 6*v. What is s(o)?
-4
Let n be -2 - -7 - 2 - -2. Let j(m) = 47*m - 54*m + 10*m - m**2 + 3. Give j(n).
-7
Let a(o) = 16*o - 17. Let p(c) = 86*c - 84. Let m(y) = -11*a(y) + 2*p(y). Determine m(6).
-5
Let j(t) be the second derivative of -t**5/20 + t**4/6 - t**3/3 + 3*t**2 - 23*t. Give j(4).
-34
Let j = -110 - -108. Let l be -4 + (-16)/j + -3. Let y(k) = -2*k - 1. What is y(l)?
-3
Let d(o) = 24000*o - 1 - 23999*o + 4. Let j(a) = -a**2 + 6*a - 5. Let s be j(6). What is d(s)?
-2
Let i(u) = -3*u**2 - 40*u - 8. Let s be i(-13). Let c(p) = p - 8. Give c(s).
-3
Let x(k) be the first derivative of k**3/6 - 7*k**2 - 16*k + 38. Let n(z) be the first derivative of x(z). What is n(10)?
-4
Suppose 0 = 14*y - 4*y - 50. Let a(h) = -h - 1. Let d(l) = 3*l + 3. Let n(b) = -8*a(b) - 3*d(b). What is n(y)?
-6
Suppose 5*x + 2 = 7. Let d(h) = 0*h**2 + 8*h**2 + 3*h + 1 - 4*h. Calculate d(x).
8
Let l(x) = -5*x - 14734*x**2 - 3 + 14724*x**2 - x**3 - 6*x. Calculate l(-8).
-43
Suppose -16 = s + 3*s. Let z(h) = 4*h - 2*h + 2*h + 7. Let t(y) = y. Let w(r) = 3*t(r) - z(r). Calculate w(s).
-3
Let c(s) = s + 4 + 23*s - 27*s. Determine c(-2).
10
Let x(q) = -5*q**3 + 19*q**2 + 19*q + 14. Let l(n) = -4*n**3 + 18*n**2 + 21*n + 13. Let a(g) = -6*l(g) + 5*x(g). What is a(-10)?
2
Let c(g) = 8*g - 14. Let p be c(2). Let a(q) = -2*q - 2. Give a(p).
-6
Let d = -995 + 1008. Let t(h) = h**3 - 13*h**2 - 2*h + 32. Calculate t(d).
6
Let f(d) = 9*d**3 - 11*d**2 - 7*d - 2. Let s(c) = 7*c**3 - 11*c**2 - 8*c - 2. Let o(w) = 4*f(w) - 5*s(w). What is o(-10)?
-18
Let z be -2*(-6 - 1)/(-7). Let s(i) = i**2 - 2*i. Determine s(z).
8
Let m be ((-14)/(-28))/(2/12). Suppose -13*c + 14*c + m = 0. Let k(d) = d**3 + 4*d**2 + d - 4. What is k(c)?
2
Let s be (-3 + 2)*(-7 - -6). Let r(a) = a + 1. Let k be r(s). Let w(y) = y**2 + 1. Let f(x) = -2*x**2 - 5*x - 2. Let h(g) = f(g) + 3*w(g). Calculate h(k).
-5
Let z = -267 - -265. Let q(k) be the second derivative of k**5/20 + k**4/6 + k**3/2 + k**2 - 7*k. Give q(z).
-4
Suppose 4*j = -t + 7 + 8, 0 = 2*j + 3*t + 5. Let d(h) = h**3 + 7*h**2 - 8*h + 2. Let w be d(-8). Let q(x) = 11*x**w - 4*x - 10*x**2 + 4 - 11. Calculate q(j).
-2
Let c be 4/(1/((-3)/(-6))). Let v(i) be the first derivative of 5 + i**c + 3*i + 2 + 2*i. Determine v(5).
15
Let b(u) = -6*u - 65. Let l(j) = j**2 - 30*j - 11. Let w be l(0). What is b(w)?
1
Let j(u) = -u**2 + 3*u + 1. Let s be j(0). Let n(f) = 0*f - 1 + 4*f + f. Give n(s).
4
Let n(l) = -4*l**2 - 8*l - 5. Let b(k) = -k**2 - 2*k - 1. Let x(j) = 2*b(j) - n(j). Determine x(-3).
9
Let d(b) = b**3 + 84 - 40 + b - 39 - b**2 - 24. Determine d(0).
-19
Let s(g) = -7*g**2 - 7*g - 2. Let b(c) = 15*c**2 + 15*c + 4. Let p(v) = -6*b(v) - 13*s(v). Give p(-3).
8
Suppose 2*v + 4*s = 3*s + 6, 3*v - 35 = 5*s. Let z(f) = 17*f**3 + 5*f**2 + 8*f + 5. Let p(u) = 3*u**3 + u + 2. Let a(r) = -6*p(r) + z(r). Calculate a(v).
3
Let c(z) = -1 - 186*z**2 + 60*z**2 + 65*z**2 + 62*z**2 - 2*z. Let u be (-1)/1*15/(-5). Determine c(u).
2
Suppose 4*n = 48 + 8. Suppose -2*d = 4*f - 0 - 20, 4*d - 10 = 2*f. Suppose 4*j + 0*r = -2*r + n, -4*r + 16 = d*j. Let p(g) = -5*g + 3. Give p(j).
-12
Let m(y) = 3*y**2 - y + 1. Let d(a) = -3*a**3 - 1. Let c be d(-1). Let h be -19 - -25 - c*2. Determine m(h).
11
Let z(l) = -l**2 + 4*l + 1. Suppose 0 = -176*n + 146*n + 60. Calculate z(n).
5
Let h(s) = -5*s - 9. Let q(w) = -2*w. Let j(o) = -h(o) + 2*q(o). Give j(-4).
5
Suppose -2*c = -0*c - 10. Let k(n) = -9*n + 1 + n**2 + 4*n + 5*n. Let l(x) = -x**3 + 5*x**2 + 6*x - 3. Let p(s) = k(s) - l(s). What is p(c)?
-1
Let g(z) be the second derivative of -z**4/12 - 4*z**3/3 - 5*z**2/2 + 2*z. Let b be g(-7). Let q(d) = -2 - 7*d + 10 - 1 - 6. What is q(b)?
-13
Let u(m) be the second derivative of m**3/3 - 25*m**2/2 - 24*m. What is u(12)?
-1
Let u(o) = 6*o**2. Let n(p) = 4*p**2 - 3*p - 3. Let m be n(3). Let v = m + -22. Let w be (-4)/(-6) - v/(-6). Determine u(w).
6
Let w(s) = -s - 39. Let t be w(-18). Let c be 36/(-14) + t/49. Let o(q) = q**3 + 2*q**2 - 3*q + 1. Calculate o(c).
1
Let q(v) = v + 11. Suppose 3*a = -p - 4, 5*p + 13*a - 15*a + 20 = 0. Calculate q(p).
7
Let h(w) = -5 + 15 - 93*w + 92*w. Calculate h(-10).
20
Let o(l) = -4*l - 1. Suppose 4*x + 3*w = w + 10, -2*w + 15 = 5*x. What is o(x)?
-21
Let i(k) be the third derivative of 0 + 18*k**2 - 1/60*k**5 + 0*k**4 + 0*k + 1/6*k**3 - 1/120*k**6. What is i(-2)?
5
Let a(y) = y**3 + 6*y**2 - 5*y + 16. Suppose 0 = 119*t + 123 + 710. Give a(t).
2
Let n(t) be the third derivative of t**5/20 + t**4/24 - t**2 + 79*t. Let h = -6 + 8. Give n(h).
14
Let c(w) = -w**2 + 15*w - 31. Let i be ((-32)/(-3 - -1) - -2) + -6. Calculate c(i).
5
Let h(n) be the first derivative of n**4/4 + 4*n**3/3 - n**2/2 + 30. Let b be -5 - (0 + (0 - 1)). Give h(b).
4
Suppose 14*r = -33 + 19. Let d(m) = 27*m. What is d(r)?
-27
Let i(s) = -s**2 - 27*s + 163. Let t be i(-32). Let x(j) = 4*j**2 - 4*j. Calculate x(t).
24
Suppose 2 + 4 = 3*j, -3*j = 3*o - 36. Let g(w) = -o - 8*w + w + w**2 + 6 + 5. Calculate g(5).
-9
Suppose -32 = -v + 5*v. Let t be (-14)/v*56/7. Suppose -3*b + t = 4*r, 4*r - 4*b = 10 + 18. Let z(o) = 2*o - 4. Calculate z(r).
6
Let x = 141 + -137. Let u(v) = 62*v**2 + x*v + v - 6 - 61*v**2. Calculate u(-6).
0
Let s(w) = -2*w - 1. Suppose -89 + 257 = 84*y. Calculate s(y).
-5
Let k(i) = 96 - 51 + i**2 - 45 - i. Determine k(2).
2
Let m(q) = -129 + 51 + 28 + 2*q + 43. What is m(-3)?
-13
Let c(o) = 8*o - o - 8*o + 3. Let v be (7 + -5)/((-2)/(-4)). Determine c(v).
-1
Suppose 3*a + 27 = 3*b, 5*a + 27 = 4*b - 2*b. Let r(y) = -5 + y**3 - 3*y - b*y**2 - 3*y**2 - 1 + 5*y**2. What is r(5)?
4
Let g(l) be the third derivative of -l**3/6 - 6*l**2. Let y(j) = -j + 3. Let p(f) = 2*g(f) - y(f). What is p(3)?
-2
Let t(v) = 12*v**3 - 2*v**2 + 1. Suppose 72 = -0*w - 6*w. Suppose 3*s + 30 + 3 = 0. Let p = w - s. Calculate t(p).
-13
Let f = -2 + -4. Let y(l) = -7*l**2 + 6*l - 11. Let m(s) = s**2 + 1. Let i(t) = f*m(t) - y(t). Calculate i(6).
5
Let z(j) = 7*j**2 + 0*j - 5*j**2 + j**3 + j + 3*j**2 + 4. Let q be 0 + 1 - 8*(-27)/(-36). What is z(q)?
-1
Let h(r) = 3 + 0 - 4*r**2 - 5*r - 1 + 5*r**2. Suppose n + 20 + 3 = 4*i, -9 = -2*i + 3*n. Give h(i).
8
Let o(p) = 116*p**2 - 213*p**2 + 91*p**2 - 1 - p + 2*p. Let x = -10 - -14. Let q be 3/(-12) - (-5)/x. Determine o(q).
-6
Let h be 7 - 0/(-2 + 0). Let j(x) be the first derivative of -4 - 2*x + 1/2*x**2. Calculate j(h).
5
Suppose -4*h - 2*j + 14 = 0, -4*h + 18 = -5*j + 25. Let t(l) = 2*l**3 - 3*l**2. Determine t(h).
4
Let v be -1*13*(0 + 1). Let y = v + 18. Let a(u) = 2*u**2 + 3 - 6*u - u**3 + 0*u**2 + 4*u**2. Determine a(y).
-2
Let u(f) = f**3 + 5*f**2 + 2*f + 3. Let h = -69 - -65. What is u(h)?
11
Let p(l) be the first derivative of 0*l**2 + 0*l - 4/3*l**3 - 27. What is p(-2)?
-16
Let v(i) be the second derivative of i**3 + 2*i**2 - 4*i - 35. Gi